of 34?
False
Does 5 divide 54564?
False
Is 14 a factor of 4551?
False
Is 36089 a multiple of 20?
False
Is 62 even?
True
Is 27 a factor of 5637?
False
Does 105 divide 22995?
True
Does 15 divide 59459?
False
Does 75 divide 19725?
True
Is 2 a factor of 226?
True
Is 3042 a multiple of 18?
True
Is 1755 a multiple of 65?
True
Does 3 divide 2296?
False
Does 16 divide 176?
True
Is 7686 a multiple of 114?
False
Is 8010 a multiple of 9?
True
Is 11 a factor of 450?
False
Is 1414 a multiple of 21?
False
Is 65951 a multiple of 30?
False
Does 7 divide 1705?
False
Does 181 divide 17878?
False
Does 175 divide 8746?
False
Does 13 divide 8541?
True
Is 703 a multiple of 37?
True
Does 2 divide 39?
False
Is 4221 a multiple of 7?
True
Is 17262 a multiple of 63?
True
Is 3 a factor of 2598?
True
Is 15 a factor of 458?
False
Does 17 divide 1431?
False
Is 112 a factor of 413?
False
Does 24 divide 64404?
False
Is 454 a multiple of 6?
False
Is 20042 a multiple of 16?
False
Is 37 a factor of 55796?
True
Is 11 a factor of 29535?
True
Is 11 a factor of 110?
True
Is 274 a multiple of 13?
False
Does 44 divide 21167?
False
Does 14 divide 1268?
False
Is 935 a multiple of 55?
True
Does 3 divide 17938?
False
Does 57 divide 228?
True
Is 889 a multiple of 2?
False
Is 7752 a multiple of 34?
True
Does 67 divide 57670?
False
Does 65 divide 113489?
False
Does 16 divide 192?
True
Is 6520 a multiple of 14?
False
Is 51 a factor of 6812?
False
Is 3 a factor of 3047?
False
Is 15 a factor of 931?
False
Does 21 divide 1051?
False
Does 2 divide 1766?
True
Is 17 a factor of 7542?
False
Does 20 divide 36460?
True
Does 9 divide 423?
True
Is 5 a factor of 38?
False
Is 13 a factor of 242?
False
Is 26 a multiple of 2?
True
Is 15 a factor of 68666?
False
Does 10 divide 69875?
False
Is 21 a factor of 90405?
True
Does 58 divide 74249?
False
Is 8554 a multiple of 4?
False
Does 20 divide 7220?
True
Is 20247 a multiple of 17?
True
Does 30 divide 17970?
True
Is 17 a factor of 6375?
True
Does 20 divide 728?
False
Does 201 divide 40602?
True
Is 115 a factor of 619?
False
Does 74 divide 3176?
False
Is 2196 a multiple of 61?
True
Is 768 a multiple of 6?
True
Does 25 divide 316?
False
Does 12 divide 792?
True
Is 877 a multiple of 11?
False
Is 3968 a multiple of 4?
True
Does 34 divide 3889?
False
Does 9 divide 76446?
True
Is 6422 a multiple of 169?
True
Is 34 a factor of 2176?
True
Is 23725 a multiple of 25?
True
Is 70083 a multiple of 275?
False
Is 15 a factor of 377?
False
Is 22 a factor of 11114?
False
Does 11 divide 9713?
True
Does 10 divide 1891?
False
Is 102 a factor of 4284?
True
Does 11 divide 34?
False
Does 15 divide 45214?
False
Is 211 a multiple of 2?
False
Is 15 a factor of 35729?
False
Is 3190 a multiple of 62?
False
Does 71 divide 1491?
True
Does 14 divide 71792?
True
Is 23039 a multiple of 217?
False
Is 25441 a multiple of 19?
True
Does 4 divide 6663?
False
Is 25 a factor of 15226?
False
Does 63 divide 2065?
False
Does 18 divide 987?
False
Is 24 a factor of 37985?
False
Is 157 a factor of 50711?
True
Is 193 a factor of 4916?
False
Does 29 divide 28623?
True
Does 8 divide 235?
False
Is 1629 a multiple of 9?
True
Is 560 a multiple of 14?
True
Does 19 divide 10450?
True
Is 80 a multiple of 16?
True
Is 108 a factor of 1885?
False
Is 132 a factor of 19008?
True
Is 21281 a multiple of 33?
False
Is 212 a factor of 69112?
True
Does 15 divide 1862?
False
Does 6 divide 132?
True
Does 64 divide 1471?
False
Does 47 divide 799?
True
Does 10 divide 4990?
True
Does 35 divide 2490?
False
Is 26576 a multiple of 9?
False
Is 240 a multiple of 30?
True
Is 9215 a multiple of 25?
False
Is 18960 a multiple of 24?
True
Does 11 divide 220?
True
Is 34 a factor of 17068?
True
Is 107 a factor of 23647?
True
Is 5993 a multiple of 2?
False
Is 1230 a multiple of 15?
True
Does 49 divide 2275?
False
Is 6047 even?
False
Is 56 a factor of 28535?
False
Is 8055 a multiple of 99?
False
Does 27 divide 59903?
False
Is 1107 a multiple of 123?
True
Is 10380 a multiple of 7?
False
Is 5994 a multiple of 162?
True
Is 1545 a multiple of 15?
True
Is 3560 a multiple of 10?
True
Does 18 divide 1532?
False
Is 6 a factor of 18738?
True
Does 4 divide 834?
False
Is 8 a factor of 340?
False
Is 8 a factor of 477?
False
Is 110 a multiple of 10?
True
Is 144 a factor of 106416?
True
Is 17 a factor of 7803?
True
Does 118 divide 4313?
False
Is 9 a factor of 18387?
True
Is 36 a multiple of 15?
False
Does 5 divide 31710?
True
Does 76 divide 228?
True
Is 10 a factor of 1414?
False
Is 13 a factor of 6335?
False
Is 19196 a multiple of 311?
False
Is 47528 a multiple of 35?
False
Is 6999 a multiple of 46?
False
Does 93 divide 519?
False
Is 15 a factor of 369?
False
Is 19 a factor of 209?
True
Is 9 a factor of 63?
True
Is 28 a factor of 5140?
False
Does 7 divide 210?
True
Is 49 a factor of 956?
False
Is 7 a factor of 4093?
False
Is 6818 a multiple of 9?
False
Does 65 divide 9630?
False
Is 1326 a multiple of 6?
True
Is 23 a factor of 13225?
True
Is 168 a multiple of 34?
False
Is 4 a factor of 4250?
False
Is 48 a factor of 10032?
True
Is 7 a factor of 31?
False
Is 2622 a multiple of 15?
False
Does 63 divide 2394?
True
Is 209 a multiple of 44?
False
Is 6 a factor of 8936?
False
Does 8 divide 275?
False
Does 31 divide 54405?
True
Does 89 divide 89?
True
Does 31 divide 6355?
True
Does 2 divide 2820?
True
Is 17529 a multiple of 66?
False
Does 3 divide 570?
True
Is 35 a factor of 525?
True
Does 5 divide 1080?
True
Is 20790 a multiple of 11?
True
Does 6 divide 11398?
False
Is 29435 a multiple of 29?
True
Is 247 a factor of 73760?
False
Is 1294 a multiple of 7?
False
Is 32 a factor of 8025?
False
Is 80 a factor of 2000?
True
Is 8501 a multiple of 21?
False
Is 16676 a multiple of 135?
False
Is 112 a factor of 46928?
True
Is 65 a factor of 10105?
False
Is 26 a factor of 42510?
True
Is 2511 a multiple of 87?
False
Is 10728 a multiple of 36?
True
Is 608 a multiple of 8?
True
Is 34 a factor of 272?
True
Is 156 a multiple of 12?
True
Does 18 divide 53549?
False
Is 9 a factor of 18?
True
Is 174 a factor of 12354?
True
Is 21114 a multiple of 102?
True
Does 2 divide 64?
True
Is 12801 a multiple of 17?
True
Is 146 a factor of 17542?
False
Is 4165 a multiple of 85?
True
Is 17440 a multiple of 20?
True
Is 2103 a multiple of 66?
False
Is 4473 a multiple of 21?
True
Is 13 a factor of 30082?
True
Is 22383 a multiple of 115?
False
Does 11 divide 3477?
False
Is 10 a factor of 2120?
True
Is 42822 a multiple of 13?
True
Is 48 a factor of 23856?
True
Is 14 a factor of 63784?
True
Does 152 divide 22496?
True
Is 68 a factor of 1836?
True
Does 12 divide 23976?
True
Is 16 a factor of 14664?
False
Is 14189 even?
False
Is 551 even?
False
Does 15 divide 15779?
False
Is 61 a factor of 156?
False
Is 4082 a multiple of 13?
True
Is 20 a factor of 140?
True
Does 21 divide 12873?
True
Is 3604 a multiple of 4?
True
Is 194 a factor of 1703?
False
Does 43 divide 2171?
False
Is 1505 a multiple of 35?
True
Is 264 a multiple of 27?
False
Is 27 a factor of 54?
True
Is 8 a factor of 13145?
False
Is 69 a factor of 177?
False
Does 18 divide 18612?
True
Is 152 a factor of 5980?
False
Is 31 a factor of 2786?
False
Is 975 a multiple of 25?
True
Is 15 a factor of 297?
False
Is 434 a multiple of 13?
False
Is 56 a factor of 896?
True
Is 5 a factor of 348?
False
Does 28 divide 37520?
True
Does 4 divide 56450?
False
Is 3 a factor of 1444?
False
Is 121 a factor of 3357?
False
Is 547 a multiple of 23?
False
Is 8 a factor of 414?
False
Does 11 divide 1123?
False
Does 7 divide 5115?
False
Is 4234 a multiple of 26?
False
Is 52 a factor of 27248?
True
Is 878 a multiple of 43?
False
Is 8 a factor of 19208?
True
Is 388 a multiple of 19?
False
Is 312 a multiple of 14?
False
Is 27308 a multiple of 46?
False
Is 10542 a multiple of 136?
False
Does 7 divide 2351?
False
Is 439 a multiple of 11?
False
Is 16373 a multiple of 10?
False
Does 45 divide 3250?
False
Is 9185 a multiple of 20?
False
Is 26 a factor of 668?
False
Is 615 a multiple of 19?
False
Is 2 a factor of 109?
False
Does 20 divide 1020?
True
Does 91 divide 4656?
False
Does 11 divide 1823?
False
Is 54 a factor of 1971?
False
Is 2273 a multiple of 32?
False
Is 90 a factor of 4810?
False
Is 64 a factor of 895?
False
Is 7 a factor of 1722?
True
Is 21 a factor of 29025?
False